{"version":"1.0","provider_name":"VOPUS Gnose","provider_url":"https:\/\/vopus.org\/fr\/","author_name":"V.M. Kwen Khan Khu","title":"La capacit\u00e9 de sentir la douleur d\u2019autrui","type":"rich","width":600,"height":338,"html":"<blockquote class=\"wp-embedded-content\" data-secret=\"fCVy4OChzZ\"><a href=\"https:\/\/vopus.org\/fr\/la-capacidad-de-sentir-el-dolor-ajeno\/\">La capacit\u00e9 de sentir la douleur d\u2019autrui<\/a><\/blockquote><iframe sandbox=\"allow-scripts\" security=\"restricted\" src=\"https:\/\/vopus.org\/fr\/la-capacidad-de-sentir-el-dolor-ajeno\/embed\/#?secret=fCVy4OChzZ\" width=\"600\" height=\"338\" title=\"\u00ab\u00a0La capacit\u00e9 de sentir la douleur d\u2019autrui\u00a0\u00bb &#8212; VOPUS Gnose\" data-secret=\"fCVy4OChzZ\" frameborder=\"0\" marginwidth=\"0\" marginheight=\"0\" scrolling=\"no\" class=\"wp-embedded-content\"><\/iframe><script type=\"text\/javascript\">\n\/* <![CDATA[ *\/\n\/*! This file is auto-generated *\/\n!function(d,l){\"use strict\";l.querySelector&&d.addEventListener&&\"undefined\"!=typeof URL&&(d.wp=d.wp||{},d.wp.receiveEmbedMessage||(d.wp.receiveEmbedMessage=function(e){var t=e.data;if((t||t.secret||t.message||t.value)&&!\/[^a-zA-Z0-9]\/.test(t.secret)){for(var s,r,n,a=l.querySelectorAll('iframe[data-secret=\"'+t.secret+'\"]'),o=l.querySelectorAll('blockquote[data-secret=\"'+t.secret+'\"]'),c=new RegExp(\"^https?:$\",\"i\"),i=0;i<o.length;i++)o[i].style.display=\"none\";for(i=0;i<a.length;i++)s=a[i],e.source===s.contentWindow&&(s.removeAttribute(\"style\"),\"height\"===t.message?(1e3<(r=parseInt(t.value,10))?r=1e3:~~r<200&&(r=200),s.height=r):\"link\"===t.message&&(r=new URL(s.getAttribute(\"src\")),n=new URL(t.value),c.test(n.protocol))&&n.host===r.host&&l.activeElement===s&&(d.top.location.href=t.value))}},d.addEventListener(\"message\",d.wp.receiveEmbedMessage,!1),l.addEventListener(\"DOMContentLoaded\",function(){for(var e,t,s=l.querySelectorAll(\"iframe.wp-embedded-content\"),r=0;r<s.length;r++)(t=(e=s[r]).getAttribute(\"data-secret\"))||(t=Math.random().toString(36).substring(2,12),e.src+=\"#?secret=\"+t,e.setAttribute(\"data-secret\",t)),e.contentWindow.postMessage({message:\"ready\",secret:t},\"*\")},!1)))}(window,document);\n\/* ]]> *\/\n<\/script>\n","thumbnail_url":"https:\/\/vopus.org\/wp-content\/uploads\/2021\/04\/la-capacidad-de-sentir-el-dolor-ajeno-kwen-khan-khu.png","thumbnail_width":850,"thumbnail_height":480,"description":"Tr\u00e8s aim\u00e9s amis et amies&nbsp;:&nbsp; Je veux vous faire parvenir quelques mots concernant&nbsp;: LA CAPACIT\u00c9 DE SENTIR LA DOULEUR D\u2019AUTRUI Appr\u00e9ci\u00e9s lecteurs et lectrices, on dit ou l\u2019on commente beaucoup de choses sur la douleur dont souffrent nos semblables, proches ou non de nos vies. Tout le monde, m\u00e9caniquement, quand il est en pr\u00e9sence de [&hellip;]"}

La capacité de sentir la douleur d’autrui

<blockquote class="wp-embedded-content" data-secret="fCVy4OChzZ"><a href="https://vopus.org/fr/la-capacidad-de-sentir-el-dolor-ajeno/">La capacité de sentir la douleur d’autrui</a></blockquote><iframe sandbox="allow-scripts" security="restricted" src="https://vopus.org/fr/la-capacidad-de-sentir-el-dolor-ajeno/embed/#?secret=fCVy4OChzZ" width="600" height="338" title="« La capacité de sentir la douleur d’autrui » &#8212; VOPUS Gnose" data-secret="fCVy4OChzZ" frameborder="0" marginwidth="0" marginheight="0" scrolling="no" class="wp-embedded-content"></iframe><script type="text/javascript">
/* <![CDATA[ */
/*! This file is auto-generated */
!function(d,l){"use strict";l.querySelector&&d.addEventListener&&"undefined"!=typeof URL&&(d.wp=d.wp||{},d.wp.receiveEmbedMessage||(d.wp.receiveEmbedMessage=function(e){var t=e.data;if((t||t.secret||t.message||t.value)&&!/[^a-zA-Z0-9]/.test(t.secret)){for(var s,r,n,a=l.querySelectorAll('iframe[data-secret="'+t.secret+'"]'),o=l.querySelectorAll('blockquote[data-secret="'+t.secret+'"]'),c=new RegExp("^https?:$","i"),i=0;i<o.length;i++)o[i].style.display="none";for(i=0;i<a.length;i++)s=a[i],e.source===s.contentWindow&&(s.removeAttribute("style"),"height"===t.message?(1e3<(r=parseInt(t.value,10))?r=1e3:~~r<200&&(r=200),s.height=r):"link"===t.message&&(r=new URL(s.getAttribute("src")),n=new URL(t.value),c.test(n.protocol))&&n.host===r.host&&l.activeElement===s&&(d.top.location.href=t.value))}},d.addEventListener("message",d.wp.receiveEmbedMessage,!1),l.addEventListener("DOMContentLoaded",function(){for(var e,t,s=l.querySelectorAll("iframe.wp-embedded-content"),r=0;r<s.length;r++)(t=(e=s[r]).getAttribute("data-secret"))||(t=Math.random().toString(36).substring(2,12),e.src+="#?secret="+t,e.setAttribute("data-secret",t)),e.contentWindow.postMessage({message:"ready",secret:t},"*")},!1)))}(window,document);
/* ]]> */
</script>

Très aimés amis et amies&nbsp;:&nbsp; Je veux vous faire parvenir quelques mots concernant&nbsp;: LA CAPACITÉ DE SENTIR LA DOULEUR D’AUTRUI Appréciés lecteurs et lectrices, on dit ou l’on commente beaucoup de choses sur la douleur dont souffrent nos semblables, proches ou non de nos vies. Tout le monde, mécaniquement, quand il est en présence de [&hellip;]
